{"id":3609,"date":"2021-07-30T15:19:05","date_gmt":"2021-07-30T13:19:05","guid":{"rendered":"https:\/\/www.pastamancini.com\/firmenphilosophie\/pastificio\/"},"modified":"2023-01-11T16:58:08","modified_gmt":"2023-01-11T15:58:08","slug":"pastificio","status":"publish","type":"page","link":"https:\/\/www.pastamancini.com\/de\/firmenphilosophie\/pastificio\/","title":{"rendered":"Nudelfabrik"},"content":{"rendered":"\n<p>Die Nudelfabrik wurde aus Holz, Glas und Zement gebaut und liegt mitten in einem unserer Weizenfelder. Sie ist so gestaltet, dass sie sich in die Landschaft unseres Betriebs einf\u00fcgt, und ist ein Symbol daf\u00fcr, wie modernste Technologie und Tradition sich vereinen k\u00f6nnen, um die bestm\u00f6gliche Pasta herzustellen.<\/p>\n","protected":false},"excerpt":{"rendered":"<p>Die Nudelfabrik wurde aus Holz, Glas und Zement gebaut und liegt mitten in einem unserer Weizenfelder. Sie ist so gestaltet, dass sie sich in die Landschaft unseres Betriebs einf\u00fcgt, und ist ein Symbol daf\u00fcr, wie modernste Technologie und Tradition sich vereinen k\u00f6nnen, um die bestm\u00f6gliche Pasta herzustellen. [&#8230;]<\/p>\n<p><a class=\"btn btn-secondary understrap-read-more-link\" href=\"https:\/\/www.pastamancini.com\/de\/firmenphilosophie\/pastificio\/\">Weiterlesen&#8230;<\/a><\/p>\n","protected":false},"author":1,"featured_media":0,"parent":3421,"menu_order":7,"comment_status":"closed","ping_status":"closed","template":"page-templates\/template-fase-esperienza.php","meta":{"inline_featured_image":false},"acf":[],"yoast_head":"<!-- This site is optimized with the Yoast SEO plugin v20.12 - https:\/\/yoast.com\/wordpress\/plugins\/seo\/ -->\n<title>Il Nudelfabrik nella Filosofia Produttiva di Pasta Mancini<\/title>\n<meta name=\"description\" content=\"Costruito in legno, vetro e cemento si trova nel mezzo dei nostri campi di grano, pensato per essere integrato al paesaggio della nostra azienda agricola.\" \/>\n<meta name=\"robots\" content=\"index, follow, max-snippet:-1, max-image-preview:large, max-video-preview:-1\" \/>\n<link rel=\"canonical\" href=\"https:\/\/www.pastamancini.com\/de\/firmenphilosophie\/pastificio\/\" \/>\n<meta property=\"og:locale\" content=\"de_DE\" \/>\n<meta property=\"og:type\" content=\"article\" \/>\n<meta property=\"og:title\" content=\"Il Nudelfabrik nella Filosofia Produttiva di Pasta Mancini\" \/>\n<meta property=\"og:description\" content=\"Costruito in legno, vetro e cemento si trova nel mezzo dei nostri campi di grano, pensato per essere integrato al paesaggio della nostra azienda agricola.\" \/>\n<meta property=\"og:url\" content=\"https:\/\/www.pastamancini.com\/de\/firmenphilosophie\/pastificio\/\" \/>\n<meta property=\"og:site_name\" content=\"Pasta Mancini\" \/>\n<meta property=\"article:publisher\" content=\"https:\/\/www.facebook.com\/pastamancini\/\" \/>\n<meta property=\"article:modified_time\" content=\"2023-01-11T15:58:08+00:00\" \/>\n<meta property=\"og:image\" content=\"https:\/\/www.pastamancini.com\/wp-content\/uploads\/2021\/11\/logo-social-facebook.jpg\" \/>\n\t<meta property=\"og:image:width\" content=\"364\" \/>\n\t<meta property=\"og:image:height\" content=\"209\" \/>\n\t<meta property=\"og:image:type\" content=\"image\/jpeg\" \/>\n<meta name=\"twitter:card\" content=\"summary_large_image\" \/>\n<meta name=\"twitter:label1\" content=\"Gesch\u00e4tzte Lesezeit\" \/>\n\t<meta name=\"twitter:data1\" content=\"1 Minute\" \/>\n<script type=\"application\/ld+json\" class=\"yoast-schema-graph\">{\"@context\":\"https:\/\/schema.org\",\"@graph\":[{\"@type\":\"WebPage\",\"@id\":\"https:\/\/www.pastamancini.com\/de\/firmenphilosophie\/pastificio\/\",\"url\":\"https:\/\/www.pastamancini.com\/de\/firmenphilosophie\/pastificio\/\",\"name\":\"Il Nudelfabrik nella Filosofia Produttiva di Pasta Mancini\",\"isPartOf\":{\"@id\":\"https:\/\/www.pastamancini.com\/de\/#website\"},\"datePublished\":\"2021-07-30T13:19:05+00:00\",\"dateModified\":\"2023-01-11T15:58:08+00:00\",\"description\":\"Costruito in legno, vetro e cemento si trova nel mezzo dei nostri campi di grano, pensato per essere integrato al paesaggio della nostra azienda agricola.\",\"breadcrumb\":{\"@id\":\"https:\/\/www.pastamancini.com\/de\/firmenphilosophie\/pastificio\/#breadcrumb\"},\"inLanguage\":\"de-DE\",\"potentialAction\":[{\"@type\":\"ReadAction\",\"target\":[\"https:\/\/www.pastamancini.com\/de\/firmenphilosophie\/pastificio\/\"]}]},{\"@type\":\"BreadcrumbList\",\"@id\":\"https:\/\/www.pastamancini.com\/de\/firmenphilosophie\/pastificio\/#breadcrumb\",\"itemListElement\":[{\"@type\":\"ListItem\",\"position\":1,\"name\":\"Home\",\"item\":\"https:\/\/www.pastamancini.com\/de\/\"},{\"@type\":\"ListItem\",\"position\":2,\"name\":\"Produktionsphilosophie\",\"item\":\"https:\/\/www.pastamancini.com\/de\/firmenphilosophie\/\"},{\"@type\":\"ListItem\",\"position\":3,\"name\":\"Nudelfabrik\"}]},{\"@type\":\"WebSite\",\"@id\":\"https:\/\/www.pastamancini.com\/de\/#website\",\"url\":\"https:\/\/www.pastamancini.com\/de\/\",\"name\":\"Pasta Mancini\",\"description\":\"Pasta Mancini: pasta artigianale italiana di qualit\u00e0. Coltivatori di grano dal 1938. Entra nel sito e scopri tutti i nostri prodotti.\",\"publisher\":{\"@id\":\"https:\/\/www.pastamancini.com\/de\/#organization\"},\"potentialAction\":[{\"@type\":\"SearchAction\",\"target\":{\"@type\":\"EntryPoint\",\"urlTemplate\":\"https:\/\/www.pastamancini.com\/de\/?s={search_term_string}\"},\"query-input\":\"required name=search_term_string\"}],\"inLanguage\":\"de-DE\"},{\"@type\":\"Organization\",\"@id\":\"https:\/\/www.pastamancini.com\/de\/#organization\",\"name\":\"AZIENDA AGRICOLA MANCINI SOCIET\u00c0 AGRICOLA SRL\",\"url\":\"https:\/\/www.pastamancini.com\/de\/\",\"logo\":{\"@type\":\"ImageObject\",\"inLanguage\":\"de-DE\",\"@id\":\"https:\/\/www.pastamancini.com\/de\/#\/schema\/logo\/image\/\",\"url\":\"https:\/\/www.pastamancini.com\/wp-content\/uploads\/2021\/11\/logo-social.jpg\",\"contentUrl\":\"https:\/\/www.pastamancini.com\/wp-content\/uploads\/2021\/11\/logo-social.jpg\",\"width\":228,\"height\":155,\"caption\":\"AZIENDA AGRICOLA MANCINI SOCIET\u00c0 AGRICOLA SRL\"},\"image\":{\"@id\":\"https:\/\/www.pastamancini.com\/de\/#\/schema\/logo\/image\/\"},\"sameAs\":[\"https:\/\/www.facebook.com\/pastamancini\/\",\"https:\/\/www.instagram.com\/pastamancini\/\",\"https:\/\/it.linkedin.com\/company\/mancini-pastificio-agricolo\/\"]}]}<\/script>\n<!-- \/ Yoast SEO plugin. -->","yoast_head_json":{"title":"Il Nudelfabrik nella Filosofia Produttiva di Pasta Mancini","description":"Costruito in legno, vetro e cemento si trova nel mezzo dei nostri campi di grano, pensato per essere integrato al paesaggio della nostra azienda agricola.","robots":{"index":"index","follow":"follow","max-snippet":"max-snippet:-1","max-image-preview":"max-image-preview:large","max-video-preview":"max-video-preview:-1"},"canonical":"https:\/\/www.pastamancini.com\/de\/firmenphilosophie\/pastificio\/","og_locale":"de_DE","og_type":"article","og_title":"Il Nudelfabrik nella Filosofia Produttiva di Pasta Mancini","og_description":"Costruito in legno, vetro e cemento si trova nel mezzo dei nostri campi di grano, pensato per essere integrato al paesaggio della nostra azienda agricola.","og_url":"https:\/\/www.pastamancini.com\/de\/firmenphilosophie\/pastificio\/","og_site_name":"Pasta Mancini","article_publisher":"https:\/\/www.facebook.com\/pastamancini\/","article_modified_time":"2023-01-11T15:58:08+00:00","og_image":[{"width":364,"height":209,"url":"https:\/\/www.pastamancini.com\/wp-content\/uploads\/2021\/11\/logo-social-facebook.jpg","type":"image\/jpeg"}],"twitter_card":"summary_large_image","twitter_misc":{"Gesch\u00e4tzte Lesezeit":"1 Minute"},"schema":{"@context":"https:\/\/schema.org","@graph":[{"@type":"WebPage","@id":"https:\/\/www.pastamancini.com\/de\/firmenphilosophie\/pastificio\/","url":"https:\/\/www.pastamancini.com\/de\/firmenphilosophie\/pastificio\/","name":"Il Nudelfabrik nella Filosofia Produttiva di Pasta Mancini","isPartOf":{"@id":"https:\/\/www.pastamancini.com\/de\/#website"},"datePublished":"2021-07-30T13:19:05+00:00","dateModified":"2023-01-11T15:58:08+00:00","description":"Costruito in legno, vetro e cemento si trova nel mezzo dei nostri campi di grano, pensato per essere integrato al paesaggio della nostra azienda agricola.","breadcrumb":{"@id":"https:\/\/www.pastamancini.com\/de\/firmenphilosophie\/pastificio\/#breadcrumb"},"inLanguage":"de-DE","potentialAction":[{"@type":"ReadAction","target":["https:\/\/www.pastamancini.com\/de\/firmenphilosophie\/pastificio\/"]}]},{"@type":"BreadcrumbList","@id":"https:\/\/www.pastamancini.com\/de\/firmenphilosophie\/pastificio\/#breadcrumb","itemListElement":[{"@type":"ListItem","position":1,"name":"Home","item":"https:\/\/www.pastamancini.com\/de\/"},{"@type":"ListItem","position":2,"name":"Produktionsphilosophie","item":"https:\/\/www.pastamancini.com\/de\/firmenphilosophie\/"},{"@type":"ListItem","position":3,"name":"Nudelfabrik"}]},{"@type":"WebSite","@id":"https:\/\/www.pastamancini.com\/de\/#website","url":"https:\/\/www.pastamancini.com\/de\/","name":"Pasta Mancini","description":"Pasta Mancini: pasta artigianale italiana di qualit\u00e0. Coltivatori di grano dal 1938. Entra nel sito e scopri tutti i nostri prodotti.","publisher":{"@id":"https:\/\/www.pastamancini.com\/de\/#organization"},"potentialAction":[{"@type":"SearchAction","target":{"@type":"EntryPoint","urlTemplate":"https:\/\/www.pastamancini.com\/de\/?s={search_term_string}"},"query-input":"required name=search_term_string"}],"inLanguage":"de-DE"},{"@type":"Organization","@id":"https:\/\/www.pastamancini.com\/de\/#organization","name":"AZIENDA AGRICOLA MANCINI SOCIET\u00c0 AGRICOLA SRL","url":"https:\/\/www.pastamancini.com\/de\/","logo":{"@type":"ImageObject","inLanguage":"de-DE","@id":"https:\/\/www.pastamancini.com\/de\/#\/schema\/logo\/image\/","url":"https:\/\/www.pastamancini.com\/wp-content\/uploads\/2021\/11\/logo-social.jpg","contentUrl":"https:\/\/www.pastamancini.com\/wp-content\/uploads\/2021\/11\/logo-social.jpg","width":228,"height":155,"caption":"AZIENDA AGRICOLA MANCINI SOCIET\u00c0 AGRICOLA SRL"},"image":{"@id":"https:\/\/www.pastamancini.com\/de\/#\/schema\/logo\/image\/"},"sameAs":["https:\/\/www.facebook.com\/pastamancini\/","https:\/\/www.instagram.com\/pastamancini\/","https:\/\/it.linkedin.com\/company\/mancini-pastificio-agricolo\/"]}]}},"_links":{"self":[{"href":"https:\/\/www.pastamancini.com\/de\/wp-json\/wp\/v2\/pages\/3609"}],"collection":[{"href":"https:\/\/www.pastamancini.com\/de\/wp-json\/wp\/v2\/pages"}],"about":[{"href":"https:\/\/www.pastamancini.com\/de\/wp-json\/wp\/v2\/types\/page"}],"author":[{"embeddable":true,"href":"https:\/\/www.pastamancini.com\/de\/wp-json\/wp\/v2\/users\/1"}],"replies":[{"embeddable":true,"href":"https:\/\/www.pastamancini.com\/de\/wp-json\/wp\/v2\/comments?post=3609"}],"version-history":[{"count":4,"href":"https:\/\/www.pastamancini.com\/de\/wp-json\/wp\/v2\/pages\/3609\/revisions"}],"predecessor-version":[{"id":4042,"href":"https:\/\/www.pastamancini.com\/de\/wp-json\/wp\/v2\/pages\/3609\/revisions\/4042"}],"up":[{"embeddable":true,"href":"https:\/\/www.pastamancini.com\/de\/wp-json\/wp\/v2\/pages\/3421"}],"wp:attachment":[{"href":"https:\/\/www.pastamancini.com\/de\/wp-json\/wp\/v2\/media?parent=3609"}],"curies":[{"name":"wp","href":"https:\/\/api.w.org\/{rel}","templated":true}]}}

<p>Die Nudelfabrik wurde aus Holz, Glas und Zement gebaut und liegt mitten in einem unserer Weizenfelder. Sie ist so gestaltet, dass sie sich in die Landschaft unseres Betriebs einfügt, und ist ein Symbol dafür, wie modernste Technologie und Tradition sich vereinen können, um die bestmögliche Pasta herzustellen.</p>

<p>Die Nudelfabrik wurde aus Holz, Glas und Zement gebaut und liegt mitten in einem unserer Weizenfelder. Sie ist so gestaltet, dass sie sich in die Landschaft unseres Betriebs einfügt, und ist ein Symbol dafür, wie modernste Technologie und Tradition sich vereinen können, um die bestmögliche Pasta herzustellen. [&#8230;]</p>
<p><a class="btn btn-secondary understrap-read-more-link" href="https://www.pastamancini.com/de/firmenphilosophie/pastificio/">Weiterlesen&#8230;</a></p>

<!-- This site is optimized with the Yoast SEO plugin v20.12 - https://yoast.com/wordpress/plugins/seo/ -->
<title>Il Nudelfabrik nella Filosofia Produttiva di Pasta Mancini</title>
<meta name="description" content="Costruito in legno, vetro e cemento si trova nel mezzo dei nostri campi di grano, pensato per essere integrato al paesaggio della nostra azienda agricola." />
<meta name="robots" content="index, follow, max-snippet:-1, max-image-preview:large, max-video-preview:-1" />
<link rel="canonical" href="https://www.pastamancini.com/de/firmenphilosophie/pastificio/" />
<meta property="og:locale" content="de_DE" />
<meta property="og:type" content="article" />
<meta property="og:title" content="Il Nudelfabrik nella Filosofia Produttiva di Pasta Mancini" />
<meta property="og:description" content="Costruito in legno, vetro e cemento si trova nel mezzo dei nostri campi di grano, pensato per essere integrato al paesaggio della nostra azienda agricola." />
<meta property="og:url" content="https://www.pastamancini.com/de/firmenphilosophie/pastificio/" />
<meta property="og:site_name" content="Pasta Mancini" />
<meta property="article:publisher" content="https://www.facebook.com/pastamancini/" />
<meta property="article:modified_time" content="2023-01-11T15:58:08+00:00" />
<meta property="og:image" content="https://www.pastamancini.com/wp-content/uploads/2021/11/logo-social-facebook.jpg" />
	<meta property="og:image:width" content="364" />
	<meta property="og:image:height" content="209" />
	<meta property="og:image:type" content="image/jpeg" />
<meta name="twitter:card" content="summary_large_image" />
<meta name="twitter:label1" content="Geschätzte Lesezeit" />
	<meta name="twitter:data1" content="1 Minute" />
<script type="application/ld+json" class="yoast-schema-graph">{"@context":"https://schema.org","@graph":[{"@type":"WebPage","@id":"https://www.pastamancini.com/de/firmenphilosophie/pastificio/","url":"https://www.pastamancini.com/de/firmenphilosophie/pastificio/","name":"Il Nudelfabrik nella Filosofia Produttiva di Pasta Mancini","isPartOf":{"@id":"https://www.pastamancini.com/de/#website"},"datePublished":"2021-07-30T13:19:05+00:00","dateModified":"2023-01-11T15:58:08+00:00","description":"Costruito in legno, vetro e cemento si trova nel mezzo dei nostri campi di grano, pensato per essere integrato al paesaggio della nostra azienda agricola.","breadcrumb":{"@id":"https://www.pastamancini.com/de/firmenphilosophie/pastificio/#breadcrumb"},"inLanguage":"de-DE","potentialAction":[{"@type":"ReadAction","target":["https://www.pastamancini.com/de/firmenphilosophie/pastificio/"]}]},{"@type":"BreadcrumbList","@id":"https://www.pastamancini.com/de/firmenphilosophie/pastificio/#breadcrumb","itemListElement":[{"@type":"ListItem","position":1,"name":"Home","item":"https://www.pastamancini.com/de/"},{"@type":"ListItem","position":2,"name":"Produktionsphilosophie","item":"https://www.pastamancini.com/de/firmenphilosophie/"},{"@type":"ListItem","position":3,"name":"Nudelfabrik"}]},{"@type":"WebSite","@id":"https://www.pastamancini.com/de/#website","url":"https://www.pastamancini.com/de/","name":"Pasta Mancini","description":"Pasta Mancini: pasta artigianale italiana di qualità. Coltivatori di grano dal 1938. Entra nel sito e scopri tutti i nostri prodotti.","publisher":{"@id":"https://www.pastamancini.com/de/#organization"},"potentialAction":[{"@type":"SearchAction","target":{"@type":"EntryPoint","urlTemplate":"https://www.pastamancini.com/de/?s={search_term_string}"},"query-input":"required name=search_term_string"}],"inLanguage":"de-DE"},{"@type":"Organization","@id":"https://www.pastamancini.com/de/#organization","name":"AZIENDA AGRICOLA MANCINI SOCIETÀ AGRICOLA SRL","url":"https://www.pastamancini.com/de/","logo":{"@type":"ImageObject","inLanguage":"de-DE","@id":"https://www.pastamancini.com/de/#/schema/logo/image/","url":"https://www.pastamancini.com/wp-content/uploads/2021/11/logo-social.jpg","contentUrl":"https://www.pastamancini.com/wp-content/uploads/2021/11/logo-social.jpg","width":228,"height":155,"caption":"AZIENDA AGRICOLA MANCINI SOCIETÀ AGRICOLA SRL"},"image":{"@id":"https://www.pastamancini.com/de/#/schema/logo/image/"},"sameAs":["https://www.facebook.com/pastamancini/","https://www.instagram.com/pastamancini/","https://it.linkedin.com/company/mancini-pastificio-agricolo/"]}]}</script>
<!-- / Yoast SEO plugin. -->

Pasta Mancini: pasta artigianale italiana di qualità. Coltivatori di grano dal 1938. Entra nel sito e scopri tutti i nostri prodotti.

AZIENDA AGRICOLA MANCINI SOCIETÀ AGRICOLA SRL
